s**2 + 3*s - 2*s**2. Let x(f) = -f**3 + f**2 + 15*f - 10. Let k be x(4). What are the prime factors of g(k)?
2
Let r(u) = u**3 + 2*u. Let b(j) = -2*j**3 + j**2 - 2*j. Let l(q) = -3*b(q) - 2*r(q). List the prime factors of l(2).
2, 3
Let o(y) be the third derivative of 0*y - 7/60*y**5 + 2/3*y**3 + 1/120*y**6 + 0 - 2*y**2 + 1/4*y**4. List the prime factors of o(6).
2
Let i be (0 - -47) + (3 - 4). Let z = i - 22. What are the prime factors of z?
2, 3
Suppose -2*u = -5 + 1. List the prime factors of (-21)/(-12)*u*4.
2, 7
Suppose -5*u + 2552 = 5*a + 192, -a + 2*u = -487. Let g be (3/(-9))/((-3)/a). Suppose -3*r + 46 + 5 = -3*b, -g = -5*r - 3*b. What are the prime factors of r?
13
Let g(n) = 3 + 2 - 4 - n**2 + 2*n - n**3. Suppose -3*m - 2*m = 15. List the prime factors of g(m).
13
Let d be 21 - -3*(-1 + 0). Let t = -11 + d. Suppose 2*u - t*u = -35. List the prime factors of u.
7
Let g = 4 + -2. Suppose -g*o + 6*o = 160. Suppose 3*m = -m + o. List the prime factors of m.
2, 5
Let z(h) = 12*h**2 + 3*h - 3. What are the prime factors of z(2)?
3, 17
Let j be (55 + 0)/(0 - -1). Let t = -25 + j. List the prime factors of t.
2, 3, 5
Let k(g) = 24*g**2 - g + 1. Let z be k(1). Let s = -18 + z. List the prime factors of s.
2, 3
Let g(y) = 5*y**3 - y**2. Let f be g(1). Suppose 3*s - 30 = f*b + 4*s, 0 = -3*b - s - 23. Let i = -5 - b. List the prime factors of i.
2
Let u = 24 + -9. Let j be u/6*12/10. Suppose j*h - 22 = h. What are the prime factors of h?
11
Suppose 0 = t + 2*t. Suppose -4*c - 3*o + 51 = 0, 3*c + 3*o - 42 = -t*c. List the prime factors of c.
3
Let n = -11 + 69. List the prime factors of n.
2, 29
Let u(z) = 18*z + 11. List the prime factors of u(12).
227
Let x be (0 - (1 - 1))/2. Suppose x = -4*i + 6*i - 6. List the prime factors of i.
3
What are the prime factors of 1/((1 - -1)/114)?
3, 19
Suppose -10 = -2*q - 0. Suppose -3*m = q*y - 98, -m - 5*y + y = -35. Suppose 4*j + 3*x = m, 2*j + 5*x - 13 = 6. What are the prime factors of j?
7
Let l = 6 - 1. Suppose -l*k + 0 = -10. List the prime factors of ((-15)/(-2) - 3)*k.
3
Let j = -19 + 23. List the prime factors of j.
2
Suppose -3*d + 603 = -0*x + 4*x, -x = -5*d + 1005. What are the prime factors of d?
3, 67
Suppose -4*r = 4*j - 36, 0 = -0*j + 5*j - r - 39. Let d = j - 4. Suppose -d*g + 27 = 5*h - 5*g, 15 = 3*h - g. List the prime factors of h.
2, 3
Let d(z) = 5*z + 3. Let i be d(4). Suppose 2*r - 17 - i = 0. List the prime factors of r.
2, 5
Suppose 13 + 11 = 4*b + 4*a, 3*b - 10 = -a. Suppose 2 = v + 2*x, 3*v + x = -b*x + 3. Suppose -4*n + 3*i = -v*i - 45, 0 = -i + 5. List the prime factors of n.
3, 5
Let m(f) = -f**2 - f - 3. Let a be m(-4). Let t = -5 - a. Suppose 56 = 4*w + k + k, t = -5*k. What are the prime factors of w?
3, 5
Let f = 2 - 8. Let s(u) = u**3 + 7*u**2 + 4*u + 1. What are the prime factors of s(f)?
13
Suppose 2*v - 60 = -3*v. Let i be v/66 + (-114)/22. Let n = 0 - i. What are the prime factors of n?
5
Let d = -167 - -531. List the prime factors of d.
2, 7, 13
Suppose -2*q + 3*p - 5 = -0*q, 8 = -2*q + 4*p. Suppose b = q*r + 11, -b + 14 = -0*b - 3*r. Let w(x) = 3*x - 6. List the prime factors of w(b).
3
Suppose -2*a - 2*a - f = -17, 3*f - 21 = -2*a. Suppose -66 = -4*i + 2*o, a*i - 3*o - 2*o - 67 = 0. List the prime factors of i.
2, 7
Let f = -7 + 7. Let q = -20 + f. Let i = 38 + q. List the prime factors of i.
2, 3
Suppose 7*l - l = 576. List the prime factors of l.
2, 3
Suppose -3*f = u - 35, 0 = u + u + 4*f - 78. What are the prime factors of u?
47
Let d(l) = -l**2 + 7*l - 4. Let t be d(6). Let w(i) = i + 3. Let p be w(7). Suppose -p = -t*f + h, -2*h = h. What are the prime factors of f?
5
Suppose 0 = j + 47 + 10. Let s = j - -96. What are the prime factors of s?
3, 13
Let g(z) = 13*z - 4. Suppose -5*h + h + 12 = 0. Let f be g(h). Suppose -4*k + f = 3*s, -3*s = 3*k + s - 28. List the prime factors of k.
2
Let n = 79 + -38. List the prime factors of n.
41
Let u = -9 - -23. Suppose 4*m + u = 5*y, -2*y + 15 = 3*y - 5*m. Suppose -y*l + 5*i = 2*i - 7, 31 = 5*l - 3*i. List the prime factors of l.
2
List the prime factors of 3/(-1) - 12/18*-411.
271
Let d(y) = 3*y - 1. Suppose 3*t = 4*v + 1 - 3, -3*t - 2*v = 8. Let z be d(t). Let c(g) = g**3 + 6*g**2 - 8*g - 2. List the prime factors of c(z).
5
List the prime factors of 187 - (0 - (-3 + 2)).
2, 3, 31
Suppose -9 = -0*v - 3*v. Let n(h) = 2*h - 3. Let q be n(v). What are the prime factors of q/(-6) - (-33)/2?
2
Suppose 13*c = 18*c - 935. List the prime factors of c.
11, 17
Let z(r) = r**3 + 8*r**2 + 5*r + 4. What are the prime factors of z(-5)?
2, 3
Suppose -q - 41 = -16. Let j = q - -45. Suppose 0*i = 2*i - j. List the prime factors of i.
2, 5
Let c be ((-8)/(-4))/(4/10). Suppose c*r - 27 = 4*r. Let n = -14 + r. List the prime factors of n.
13
Suppose 71 + 202 = 3*w. What are the prime factors of w?
7, 13
Let j(r) = r**3 - 6*r**2 + 5*r - 8. Suppose -5*v + 3 - 18 = 0, 3*w - v = 21. List the prime factors of j(w).
2, 11
Suppose -7*u + 2*k = -2*u, 2*u - 5*k = 0. Suppose -2*m + 2 + 4 = u. What are the prime factors of m?
3
Let w(z) = 3*z**2 + 2*z + 8. What are the prime factors of w(4)?
2
Let i = 16 - 21. Let h(d) = d**2 - 2*d + 5. List the prime factors of h(i).
2, 5
Suppose 0*i + 2*i = 40. List the prime factors of i.
2, 5
Suppose -2*h - 4*b + 8 = -h, -4*h + 5*b = 10. Let v = -1 - -4. Suppose v*z = -h*z + 6. What are the prime factors of z?
2
Suppose 3*b = 0, -b + 11 - 1 = 5*r. Suppose -q = r*q - 24. What are the prime factors of q?
2
Let s(c) = 19*c - 16. What are the prime factors of s(4)?
2, 3, 5
Let o = -6 + 4. Let s(f) = 3*f - f**2 + 3*f**2 + 2*f**2 + 1. What are the prime factors of s(o)?
11
Suppose -2*k + 5*k - 24 = 0. Let i(a) = -7*a - a**3 + 0*a**3 - 9 - k*a**2 - 2*a. What are the prime factors of i(-7)?
5
Let u(b) = b**2 - 2*b + 1. Let j be u(4). Let g = -5 + j. What are the prime factors of g?
2
Suppose -1 = d - 4. Suppose -d*w + 13 = 4. What are the prime factors of w?
3
Let x(v) = -v**2 - 9*v + 5. Suppose 4*d = 2*c - 30, -2*d + 6 - 30 = 2*c. What are the prime factors of x(d)?
5
Let v(o) = 14*o + 22. What are the prime factors of v(5)?
2, 23
Let u = 4 + -7. Let c be (u/2)/(2/(-4)). Suppose -c*k = -v - 23, -v = 5*k + v - 53. What are the prime factors of k?
3
Let p(c) = c**2 + 6. Let x be p(5). Suppose 2*d = 101 - x. What are the prime factors of d?
5, 7
Let w(z) = z + 1. Let o be w(1). Suppose o*n + 3*n - 20 = l, -3*l - 3 = 4*n. Suppose 3*b + 18 = n*c, -b = -3*c + 3*b + 13. List the prime factors of c.
11
Let o(g) = 2*g**3 - 3*g - 5. Let a(k) = k**3 - k - 2. Let u(s) = 5*a(s) - 2*o(s). Let t(n) be the second derivative of u(n). What are the prime factors of t(1)?
2, 3
Let c = 1 + 5. Suppose q - 3 = -5*s, 4*q - 2*q = -5*s - 9. Let i = c - q. What are the prime factors of i?
2, 3
Suppose -5*r = -4*k + 19 + 9, 0 = -3*k - 4*r - 10. Let a = k - -7. Let g = a - 3. What are the prime factors of g?
2, 3
Suppose -4*q - 46 = -n, 3*n - 104 = -8*q + 3*q. List the prime factors of n.
2, 19
Suppose 2*u - 36 + 204 = 0. Let w be 1 - u/(-1 + -2). Let k = w + 39. List the prime factors of k.
2, 3
Suppose -4*z = 5*s - 9*z - 195, -2*z = s - 30. List the prime factors of s.
2, 3
Let t(u) = 2*u + 17. What are the prime factors of t(10)?
37
Suppose -6*j + j = 5*s, 5*s = 3*j. Suppose j = -l + 3*l - 36. What are the prime factors of l?
2, 3
Let f(n) = -n**2 - n + 28. List the prime factors of f(0).
2, 7
Let o = 81 + -47. What are the prime factors of o?
2, 17
Suppose -4*l + 692 = 3*d, 51 = l + 5*d - 105. List the prime factors of l.
2, 11
Let u = 187 + -163. List the prime factors of u.
2, 3
List the prime factors of (-33)/(-55) - 124/(-10).
13
Let q be 2*((-2)/(-4))/(-1). Let k = q - -4. Suppose 5*u = k*u + 20. What are the prime factors of u?
2, 5
Let l = 57 + -47. List the prime factors of l.
2, 5
Let q(a) = 5*a**3 - a**2 + a - 1. Let v be (-9)/27*(-6)/2. Let o be q(v). Suppose -i + o = i. List the prime factors of i.
2
Suppose 0 = 2*f - 2 - 28. Suppose 3*z - f = 0, -2*c - z - 1 = -6. Suppose 0 = -k - c*k + 4. List the prime factors of k.
2
Let i(l) = -l**2 - 4*l + 2. Let m = -5 + 8. Suppose 4*k = 3*q + 17, m*k = 2*q + 9 + 3. What are the prime factors of i(q)?
5
Let n(z) be the second derivative of 2*z**4/3 + z**3/3 - z**2/2 - 5*z. List the pr